{"id":4110,"date":"2021-04-03T15:24:39","date_gmt":"2021-04-03T15:24:39","guid":{"rendered":"http:\/\/obchod.dcstyl.cz\/?post_type=product&#038;p=4110"},"modified":"2021-04-03T16:06:59","modified_gmt":"2021-04-03T16:06:59","slug":"upletove-kalhoty","status":"publish","type":"product","link":"https:\/\/obchod.dcstyl.cz\/index.php\/product\/upletove-kalhoty\/","title":{"rendered":"\u00dapletov\u00e9 kalhoty"},"content":{"rendered":"<p>Pohodln\u00e9, elegantn\u00ed, \u00fapletov\u00e9 kalhoty s kapsami.<\/p>\n<p>modal 95%,\u00a0 elastan 5%<\/p>\n<p>&nbsp;<\/p>\n<p>Velikostn\u00ed tabulka v cm +\/- 5%<\/p>\n<p>obvod pasu\u00a0 S &#8211; 36\u00a0 M &#8211; 38\u00a0 L &#8211; 40 XL &#8211; 42<\/p>\n<p>obvod bok\u016f\u00a0 S &#8211; 47\u00a0 M &#8211; 49 L &#8211; 51 XL &#8211; 53<\/p>\n<p>celkov\u00e1 d\u00e9lka\u00a0 S,M,L,XL 100cm<\/p>\n","protected":false},"excerpt":{"rendered":"<p>Elegantn\u00ed \u00fapletov\u00e9 kalhoty.<\/p>\n","protected":false},"featured_media":4084,"comment_status":"open","ping_status":"closed","template":"","meta":[],"class_list":["post-4110","product","type-product","status-publish","has-post-thumbnail","hentry","product_cat-damska"],"_links":{"self":[{"href":"https:\/\/obchod.dcstyl.cz\/index.php\/wp-json\/wp\/v2\/product\/4110","targetHints":{"allow":["GET"]}}],"collection":[{"href":"https:\/\/obchod.dcstyl.cz\/index.php\/wp-json\/wp\/v2\/product"}],"about":[{"href":"https:\/\/obchod.dcstyl.cz\/index.php\/wp-json\/wp\/v2\/types\/product"}],"replies":[{"embeddable":true,"href":"https:\/\/obchod.dcstyl.cz\/index.php\/wp-json\/wp\/v2\/comments?post=4110"}],"wp:featuredmedia":[{"embeddable":true,"href":"https:\/\/obchod.dcstyl.cz\/index.php\/wp-json\/wp\/v2\/media\/4084"}],"wp:attachment":[{"href":"https:\/\/obchod.dcstyl.cz\/index.php\/wp-json\/wp\/v2\/media?parent=4110"}],"curies":[{"name":"wp","href":"https:\/\/api.w.org\/{rel}","templated":true}]}}