{"id":3434,"date":"2021-03-08T14:58:47","date_gmt":"2021-03-08T14:58:47","guid":{"rendered":"https:\/\/dcstyl.ecreo.link\/?post_type=product&#038;p=3434"},"modified":"2021-03-28T20:34:13","modified_gmt":"2021-03-28T20:34:13","slug":"nakrcnik","status":"publish","type":"product","link":"https:\/\/obchod.dcstyl.cz\/index.php\/product\/nakrcnik\/","title":{"rendered":"N\u00e1kr\u010dn\u00edk"},"content":{"rendered":"<p>Poti\u0161t\u011bn\u00e9 funk\u010d\u00ed n\u00e1kr\u010dn\u00edky z lehk\u00e9ho materi\u00e1lu &#8211; 100% polyester.<\/p>\n","protected":false},"excerpt":{"rendered":"<p>Poti\u0161t\u011bn\u00e9 funk\u010d\u00ed n\u00e1kr\u010dn\u00edky z lehk\u00e9ho materi\u00e1lu (100% polyester).<\/p>\n","protected":false},"featured_media":3502,"comment_status":"open","ping_status":"closed","template":"","meta":[],"class_list":["post-3434","product","type-product","status-publish","has-post-thumbnail","hentry","product_cat-doplnky"],"_links":{"self":[{"href":"https:\/\/obchod.dcstyl.cz\/index.php\/wp-json\/wp\/v2\/product\/3434","targetHints":{"allow":["GET"]}}],"collection":[{"href":"https:\/\/obchod.dcstyl.cz\/index.php\/wp-json\/wp\/v2\/product"}],"about":[{"href":"https:\/\/obchod.dcstyl.cz\/index.php\/wp-json\/wp\/v2\/types\/product"}],"replies":[{"embeddable":true,"href":"https:\/\/obchod.dcstyl.cz\/index.php\/wp-json\/wp\/v2\/comments?post=3434"}],"wp:featuredmedia":[{"embeddable":true,"href":"https:\/\/obchod.dcstyl.cz\/index.php\/wp-json\/wp\/v2\/media\/3502"}],"wp:attachment":[{"href":"https:\/\/obchod.dcstyl.cz\/index.php\/wp-json\/wp\/v2\/media?parent=3434"}],"curies":[{"name":"wp","href":"https:\/\/api.w.org\/{rel}","templated":true}]}}